{"id":1708,"date":"2015-02-16T09:24:00","date_gmt":"2015-02-16T09:24:00","guid":{"rendered":"http:\/\/www.monika-bidner.at\/art\/?page_id=1708"},"modified":"2015-11-17T14:47:14","modified_gmt":"2015-11-17T14:47:14","slug":"ausstellungen-2015","status":"publish","type":"page","link":"https:\/\/www.monika-bidner.at\/art\/ausstellungen\/ausstellungen-2015\/","title":{"rendered":"Ausstellungen 2015"},"content":{"rendered":"<h1>Ausstellungen 2015<\/h1>\n<hr \/>\n<h2>18. November 2015<\/h2>\n<h2><strong>Buchpr\u00e4sentation &#8222;Artedition&#8220;<br \/>\n<\/strong><\/h2>\n<p><strong>Casino Innsbruck, Beginn 19:ooUhr<br \/>\n<\/strong><\/p>\n<p><a href=\"http:\/\/www.monika-bidner.at\/art\/wp-content\/uploads\/1442220485.jpg\"><img loading=\"lazy\" decoding=\"async\" class=\"alignnone size-medium wp-image-1767\" src=\"http:\/\/www.monika-bidner.at\/art\/wp-content\/uploads\/1442220485-300x250.jpg\" alt=\"1442220485\" width=\"300\" height=\"250\" srcset=\"https:\/\/www.monika-bidner.at\/art\/wp-content\/uploads\/1442220485-300x250.jpg 300w, https:\/\/www.monika-bidner.at\/art\/wp-content\/uploads\/1442220485-1024x854.jpg 1024w, https:\/\/www.monika-bidner.at\/art\/wp-content\/uploads\/1442220485.jpg 1122w\" sizes=\"(max-width: 300px) 100vw, 300px\" \/><\/a><\/p>\n<hr \/>\n<h2>5. \u2013 28. Oktober 2015<\/h2>\n<h2><strong>&#8222;KONTRASTE \u2013\u00a0Struktur &amp; Pastell&#8220;<\/strong><\/h2>\n<h2>Ausstellung im Sanatorium der Kreuzschwestern Hochrum<b><br \/>\n<\/b><\/h2>\n<p><strong>Vernissage 4. Oktober\u00a02015 &#8211; 19:00<\/strong><\/p>\n<p><img loading=\"lazy\" decoding=\"async\" class=\"alignnone wp-image-1761 size-large\" src=\"http:\/\/www.monika-bidner.at\/art\/wp-content\/uploads\/MB_DS_Einladung_VS-1024x483.jpg\" alt=\"MB_DS_Einladung_VS\" width=\"1024\" height=\"483\" srcset=\"https:\/\/www.monika-bidner.at\/art\/wp-content\/uploads\/MB_DS_Einladung_VS-1024x483.jpg 1024w, https:\/\/www.monika-bidner.at\/art\/wp-content\/uploads\/MB_DS_Einladung_VS-300x141.jpg 300w\" sizes=\"(max-width: 1024px) 100vw, 1024px\" \/><\/p>\n<p><img loading=\"lazy\" decoding=\"async\" class=\"alignnone wp-image-1760 size-large\" src=\"http:\/\/www.monika-bidner.at\/art\/wp-content\/uploads\/MB_DS_Einladung_RS-1024x483.jpg\" alt=\"MB_DS_Einladung_RS\" width=\"1024\" height=\"483\" srcset=\"https:\/\/www.monika-bidner.at\/art\/wp-content\/uploads\/MB_DS_Einladung_RS-1024x483.jpg 1024w, https:\/\/www.monika-bidner.at\/art\/wp-content\/uploads\/MB_DS_Einladung_RS-300x141.jpg 300w\" sizes=\"(max-width: 1024px) 100vw, 1024px\" \/><\/p>\n<hr \/>\n<h2>28. 9. \u2013 9. Oktober 2015<\/h2>\n<h2><strong>&#8222;ART &amp; FASHION&#8220;<br \/>\n<\/strong><\/h2>\n<p><strong>2.10.2015 &#8222;Shopping night&#8220;\u00a0 bei Kleiderbauer\/Museumstrasse<\/strong><\/p>\n<p><strong> Vernissage 17:00 &#8211; 23:00 Uhr <\/strong><\/p>\n<p><strong>2.10.2015 &#8222;Lange Nacht der Museen&#8220;<br \/>\n<\/strong><\/p>\n<hr \/>\n<h2>16. Juli 2015<\/h2>\n<h2>&#8222;Sommerfest&#8220;<\/h2>\n<p><a href=\"http:\/\/www.monika-bidner.at\/art\/wp-content\/uploads\/Galerie-Sommerausstellungwebkl..jpg\"><img loading=\"lazy\" decoding=\"async\" class=\"alignnone size-medium wp-image-1754\" src=\"http:\/\/www.monika-bidner.at\/art\/wp-content\/uploads\/Galerie-Sommerausstellungwebkl.-220x300.jpg\" alt=\"Galerie Sommerausstellung15\" width=\"220\" height=\"300\" srcset=\"https:\/\/www.monika-bidner.at\/art\/wp-content\/uploads\/Galerie-Sommerausstellungwebkl.-220x300.jpg 220w, https:\/\/www.monika-bidner.at\/art\/wp-content\/uploads\/Galerie-Sommerausstellungwebkl..jpg 620w\" sizes=\"(max-width: 220px) 100vw, 220px\" \/><\/a><\/p>\n<p><a href=\"http:\/\/www.artinnovation.at\/\" target=\"_blank\">www.artinnovation.at<\/a><\/p>\n<hr \/>\n<h2>3. Juli 2015<\/h2>\n<h2><b> &#8222;ART NIGHT&#8220;<br \/>\n<\/b><\/h2>\n<p>Casino Innsbruck, Beginn 20:30 Uhr<\/p>\n<p><a href=\"http:\/\/www.monika-bidner.at\/art\/wp-content\/uploads\/Casino-Einladung2kl.jpg\"><img loading=\"lazy\" decoding=\"async\" class=\"alignnone size-large wp-image-1769\" src=\"http:\/\/www.monika-bidner.at\/art\/wp-content\/uploads\/Casino-Einladung2kl-1024x509.jpg\" alt=\"Casino Einladung2kl\" width=\"1024\" height=\"509\" srcset=\"https:\/\/www.monika-bidner.at\/art\/wp-content\/uploads\/Casino-Einladung2kl-1024x509.jpg 1024w, https:\/\/www.monika-bidner.at\/art\/wp-content\/uploads\/Casino-Einladung2kl-300x149.jpg 300w\" sizes=\"(max-width: 1024px) 100vw, 1024px\" \/><\/a><\/p>\n<p><a href=\"http:\/\/www.casinos.at\/content\/content.aspx?muid=58b159e5-2468-4eb6-83dc-d974611970ec&amp;euid=8c60d330-8f0a-4b42-8ae2-7424d4477583\" target=\"_blank\">www.casinos.at<\/a><\/p>\n<p><a href=\"http:\/\/www.artinnovation.at\/art-night-im-casino-innsbruck\/\" target=\"_blank\">video<\/a><\/p>\n<hr \/>\n<hr \/>\n<h2>28. Mai 2015<\/h2>\n<h2><b> ISD WH Reichenau<br \/>\n<\/b><\/h2>\n<p>Eine ganz besondere Vernissage&#8230;<\/p>\n<p><a href=\"http:\/\/www.meinbezirk.at\/innsbruck\/chronik\/feierliche-atmosphaere-im-wohnheim-reichenau-d1364111.html\" target=\"_blank\">www.meinbezirk.at<\/a><\/p>\n<hr \/>\n<h2>8. &#8211; 27. Mai 2015<\/h2>\n<h2><b>HOFBURG, Innsbruck<\/b><\/h2>\n<h2><b> Benefizveranstaltung des Lions Club Tyrol<br \/>\n<\/b><\/h2>\n<p><strong>Vernissage 8. Mai 2015 &#8211; 19:00<\/strong><\/p>\n<p><a href=\"http:\/\/www.monika-bidner.at\/art\/wp-content\/uploads\/Lions-Club-Tyrol-Hofburg-2015-001-e1430479391973.jpg\"><img loading=\"lazy\" decoding=\"async\" class=\"alignnone size-medium wp-image-1734\" src=\"http:\/\/www.monika-bidner.at\/art\/wp-content\/uploads\/Lions-Club-Tyrol-Hofburg-2015-001-300x300.jpg\" alt=\"Lions Club Tyrol Hofburg 2015 001\" width=\"300\" height=\"300\" \/><\/a><\/p>\n<hr \/>\n<h2>2. &#8211; 13. Mai 2015<\/h2>\n<h2><b>GALERIE BERTRAND KASS, Innsbruck<\/b><\/h2>\n<h2><b>Pr\u00e4sentation des Galeriekataloges 2014 &#8211; 2016<\/b><\/h2>\n<p><strong>Vernissage 2. Mai 2015 &#8211; 17:00 Uhr<br \/>\n<\/strong><\/p>\n<p><a href=\"http:\/\/www.monika-bidner.at\/art\/wp-content\/uploads\/Katalog-Galerie-Kass-2014-2016-001-e1430479463322.jpg\"><img loading=\"lazy\" decoding=\"async\" class=\"alignnone size-medium wp-image-1735\" src=\"http:\/\/www.monika-bidner.at\/art\/wp-content\/uploads\/Katalog-Galerie-Kass-2014-2016-001-300x137.jpg\" alt=\"Katalog Galerie Kass 2014-2016 001\" width=\"300\" height=\"137\" \/><\/a><\/p>\n<p>www:<a href=\"http:\/\/galerie-kass.at\/\">galerie-kass.at<\/a><\/p>\n<hr \/>\n<h2>28. &#8211; 29. M\u00e4rz 2015<\/h2>\n<h2><b>SCHLOSS MONDSEE<br \/>\n<\/b><\/h2>\n<p><strong>Wein im Schloss<br \/>\n<\/strong><\/p>\n<hr \/>\n<hr \/>\n<h2>27. Februar &#8211; 1. M\u00e4rz 2015<\/h2>\n<h2><b>WEINMESSE INNSBRUCK<br \/>\n<\/b><\/h2>\n<p><strong>Messe Innsbruck\/MESSEFORUM<\/strong><\/p>\n<p><a href=\"http:\/\/cmw.at\" target=\"_blank\">www.cmw.at<\/a><\/p>\n<hr \/>\n<hr \/>\n<h2>20. \u2013 23. Februar 2015<\/h2>\n<h2><b>ART Innsbruck<br \/>\n<\/b><\/h2>\n<p><strong>STAND C03 \u2013 Kunstverein ARTINNOVATION<\/strong><\/p>\n<p><a href=\"http:\/\/www.monika-bidner.at\/art\/wp-content\/uploads\/image001.png\"><img loading=\"lazy\" decoding=\"async\" class=\"alignnone size-full wp-image-1709\" src=\"http:\/\/www.monika-bidner.at\/art\/wp-content\/uploads\/image001.png\" alt=\"ART Innsbruck 2015\" width=\"426\" height=\"291\" srcset=\"https:\/\/www.monika-bidner.at\/art\/wp-content\/uploads\/image001.png 426w, https:\/\/www.monika-bidner.at\/art\/wp-content\/uploads\/image001-300x204.png 300w\" sizes=\"(max-width: 426px) 100vw, 426px\" \/><\/a><\/p>\n<p><a title=\"ART Innsbruck\" href=\"http:\/\/www.art-innsbruck.at\/index.php\/de\/\" target=\"_blank\">www.art-innsbruck.at<\/a><\/p>\n<hr \/>\n<hr \/>\n<hr \/>\n<h2>PALM ART AWARD 2014, Leipzig<\/h2>\n<h2><b>&#8222;CERTIFICATE of EXCELLENCE&#8220;<br \/>\n<\/b><\/h2>\n<p><strong>f\u00fcr die herausragende k\u00fcnstlerische Qualit\u00e4t und Originalit\u00e4t der eingereichten Werke<br \/>\n<\/strong><\/p>\n<p><a href=\"http:\/\/www.monika-bidner.at\/art\/wp-content\/uploads\/Palm-Art-Award.png\"><img loading=\"lazy\" decoding=\"async\" class=\"alignnone size-full wp-image-1730\" src=\"http:\/\/www.monika-bidner.at\/art\/wp-content\/uploads\/Palm-Art-Award.png\" alt=\"Palm Art Award\" width=\"178\" height=\"161\" \/><\/a><\/p>\n<p><a href=\"http:\/\/www.palm-art-award.com\/winners2014.html\" target=\"_blank\">www.palm-art-award.com<\/a><\/p>\n<hr \/>\n<h2>23. J\u00e4nner &#8211; 25. Februar 2015<\/h2>\n<h2><b>Er\u00f6ffnungsausstellung &#8211; ARTINNOVATION<br \/>\n<\/b><\/h2>\n<p><strong>Pradlerstrasse 41, Innsbruck<br \/>\n<\/strong><\/p>\n<p><a href=\"http:\/\/artinnovation.at\" target=\"_blank\">www.artinnovation.at<\/a><\/p>\n<hr \/>\n<hr \/>\n","protected":false},"excerpt":{"rendered":"<p>Ausstellungen 2015 18. November 2015 Buchpr\u00e4sentation &#8222;Artedition&#8220; Casino Innsbruck, Beginn 19:ooUhr 5. \u2013 28. Oktober 2015 &#8222;KONTRASTE \u2013\u00a0Struktur &amp; Pastell&#8220; Ausstellung im Sanatorium der Kreuzschwestern Hochrum Vernissage 4. Oktober\u00a02015 &#8211; 19:00 28. 9. \u2013 9. Oktober 2015 &#8222;ART &amp; FASHION&#8220; 2.10.2015 &#8222;Shopping night&#8220;\u00a0 bei Kleiderbauer\/Museumstrasse Vernissage 17:00 &#8211; 23:00 Uhr 2.10.2015 &#8222;Lange Nacht der Museen&#8220; [&hellip;]<\/p>\n","protected":false},"author":1,"featured_media":0,"parent":29,"menu_order":0,"comment_status":"closed","ping_status":"closed","template":"","meta":{"footnotes":""},"_links":{"self":[{"href":"https:\/\/www.monika-bidner.at\/art\/wp-json\/wp\/v2\/pages\/1708"}],"collection":[{"href":"https:\/\/www.monika-bidner.at\/art\/wp-json\/wp\/v2\/pages"}],"about":[{"href":"https:\/\/www.monika-bidner.at\/art\/wp-json\/wp\/v2\/types\/page"}],"author":[{"embeddable":true,"href":"https:\/\/www.monika-bidner.at\/art\/wp-json\/wp\/v2\/users\/1"}],"replies":[{"embeddable":true,"href":"https:\/\/www.monika-bidner.at\/art\/wp-json\/wp\/v2\/comments?post=1708"}],"version-history":[{"count":24,"href":"https:\/\/www.monika-bidner.at\/art\/wp-json\/wp\/v2\/pages\/1708\/revisions"}],"predecessor-version":[{"id":1714,"href":"https:\/\/www.monika-bidner.at\/art\/wp-json\/wp\/v2\/pages\/1708\/revisions\/1714"}],"up":[{"embeddable":true,"href":"https:\/\/www.monika-bidner.at\/art\/wp-json\/wp\/v2\/pages\/29"}],"wp:attachment":[{"href":"https:\/\/www.monika-bidner.at\/art\/wp-json\/wp\/v2\/media?parent=1708"}],"curies":[{"name":"wp","href":"https:\/\/api.w.org\/{rel}","templated":true}]}}