{"id":1518,"date":"2014-03-13T08:06:33","date_gmt":"2014-03-13T08:06:33","guid":{"rendered":"http:\/\/www.monika-bidner.at\/art\/?page_id=1518"},"modified":"2014-10-06T13:11:00","modified_gmt":"2014-10-06T13:11:00","slug":"ausstellungen-2014","status":"publish","type":"page","link":"https:\/\/www.monika-bidner.at\/art\/ausstellungen\/ausstellungen-2014\/","title":{"rendered":"Ausstellungen 2014"},"content":{"rendered":"<h1>Ausstellungen 2014<\/h1>\n<hr \/>\n<h2><b>4.10.2014<\/b><\/h2>\n<h2><b>Lange Nacht der Museen<br \/>\n<\/b><\/h2>\n<p>Galerie Bertrand Kass &#8211; 18 bis 1 Uhr<\/p>\n<hr \/>\n<h2><b>3. bis 16.10.2014<\/b><\/h2>\n<h2><b>Gruppe 30, Galerie Bertrand Kass<br \/>\n<\/b><\/h2>\n<p><a href=\"http:\/\/galerie-kass.at\/gruppe30.php\">www.galeriekass.at<\/a><\/p>\n<hr \/>\n<h2><b>3.10.2014<br \/>\n<\/b><\/h2>\n<h2><b>Buchpr\u00e4sentation: kunstST\u00fccke &#8211; S\u00fcd Seiten Verlag<br \/>\n<\/b><\/h2>\n<p>Herbstmesse Innsbruck um 16 Uhr &#8211; Halle A Stand 34\/35<\/p>\n<hr \/>\n<h2><b>1. bis 5.10.2014<br \/>\n<\/b><\/h2>\n<h2><b>ARTINNOVATION &#8211; Herbstmesse Innsbruck<br \/>\n<\/b><\/h2>\n<p><a href=\"http:\/\/www.artinnovation.at\/\" target=\"_blank\">www.artinnovation.at<\/a><\/p>\n<hr \/>\n<h2>2. bis 29.\u00a0September 2014<\/h2>\n<h2><b>Galleria Spazio Museale Sabrina Falzone \u2013 Mailand<\/b><\/h2>\n<hr \/>\n<h2>16. bis 31. Mai 2014<\/h2>\n<h2><b>Galerie Merikon \u2013 Palais Esterh\u00e1zy \u2013 Wien<\/b><\/h2>\n<p><a href=\"http:\/\/www.merikon.at\/\">www.galeriemerikon.at<\/a><\/p>\n<hr \/>\n<h2>April 2014<\/h2>\n<h2><b>&#8222;Who&#8217;s Who in Visual Art&#8220;<\/b><\/h2>\n<p><img loading=\"lazy\" decoding=\"async\" src=\"http:\/\/www.monika-bidner.at\/art\/wp-content\/uploads\/WhosWoho.jpg\" alt=\"Who'sWoho\" width=\"620\" height=\"317\" \/><\/p>\n<p><a href=\"http:\/\/www.whoisverlag.de\/fineartist-recent.htm\" target=\"_blank\"><b>www.whoisverlag.de<\/b><\/a><\/p>\n<hr \/>\n<h2>14. bis 16. M\u00e4rz 2014<\/h2>\n<h2><b>Weinmesse Innsbruck | \u00a0Messeforum Stand 902<\/b><\/h2>\n<h2><\/h2>\n<p><b><\/b><strong><img loading=\"lazy\" decoding=\"async\" src=\"http:\/\/www.monika-bidner.at\/art\/wp-content\/uploads\/000031.jpg\" alt=\"00003(1)\" width=\"620\" height=\"349\" \/><\/strong><\/p>\n<p><strong><a href=\"http:\/\/www.artroom21.at\" target=\"_blank\">www.artroom21.at<\/a><\/strong><\/p>\n<hr \/>\n<h2><\/h2>\n","protected":false},"excerpt":{"rendered":"<p>Ausstellungen 2014 4.10.2014 Lange Nacht der Museen Galerie Bertrand Kass &#8211; 18 bis 1 Uhr 3. bis 16.10.2014 Gruppe 30, Galerie Bertrand Kass www.galeriekass.at 3.10.2014 Buchpr\u00e4sentation: kunstST\u00fccke &#8211; S\u00fcd Seiten Verlag Herbstmesse Innsbruck um 16 Uhr &#8211; Halle A Stand 34\/35 1. bis 5.10.2014 ARTINNOVATION &#8211; Herbstmesse Innsbruck www.artinnovation.at 2. bis 29.\u00a0September 2014 Galleria Spazio [&hellip;]<\/p>\n","protected":false},"author":1,"featured_media":0,"parent":29,"menu_order":0,"comment_status":"closed","ping_status":"closed","template":"","meta":{"footnotes":""},"_links":{"self":[{"href":"https:\/\/www.monika-bidner.at\/art\/wp-json\/wp\/v2\/pages\/1518"}],"collection":[{"href":"https:\/\/www.monika-bidner.at\/art\/wp-json\/wp\/v2\/pages"}],"about":[{"href":"https:\/\/www.monika-bidner.at\/art\/wp-json\/wp\/v2\/types\/page"}],"author":[{"embeddable":true,"href":"https:\/\/www.monika-bidner.at\/art\/wp-json\/wp\/v2\/users\/1"}],"replies":[{"embeddable":true,"href":"https:\/\/www.monika-bidner.at\/art\/wp-json\/wp\/v2\/comments?post=1518"}],"version-history":[{"count":17,"href":"https:\/\/www.monika-bidner.at\/art\/wp-json\/wp\/v2\/pages\/1518\/revisions"}],"predecessor-version":[{"id":1705,"href":"https:\/\/www.monika-bidner.at\/art\/wp-json\/wp\/v2\/pages\/1518\/revisions\/1705"}],"up":[{"embeddable":true,"href":"https:\/\/www.monika-bidner.at\/art\/wp-json\/wp\/v2\/pages\/29"}],"wp:attachment":[{"href":"https:\/\/www.monika-bidner.at\/art\/wp-json\/wp\/v2\/media?parent=1518"}],"curies":[{"name":"wp","href":"https:\/\/api.w.org\/{rel}","templated":true}]}}

<h1>Ausstellungen 2014</h1>
<hr />
<h2><b>4.10.2014</b></h2>
<h2><b>Lange Nacht der Museen<br />
</b></h2>
<p>Galerie Bertrand Kass &#8211; 18 bis 1 Uhr</p>
<hr />
<h2><b>3. bis 16.10.2014</b></h2>
<h2><b>Gruppe 30, Galerie Bertrand Kass<br />
</b></h2>
<p><a href="http://galerie-kass.at/gruppe30.php">www.galeriekass.at</a></p>
<hr />
<h2><b>3.10.2014<br />
</b></h2>
<h2><b>Buchpräsentation: kunstSTücke &#8211; Süd Seiten Verlag<br />
</b></h2>
<p>Herbstmesse Innsbruck um 16 Uhr &#8211; Halle A Stand 34/35</p>
<hr />
<h2><b>1. bis 5.10.2014<br />
</b></h2>
<h2><b>ARTINNOVATION &#8211; Herbstmesse Innsbruck<br />
</b></h2>
<p><a href="http://www.artinnovation.at/" target="_blank">www.artinnovation.at</a></p>
<hr />
<h2>2. bis 29. September 2014</h2>
<h2><b>Galleria Spazio Museale Sabrina Falzone – Mailand</b></h2>
<hr />
<h2>16. bis 31. Mai 2014</h2>
<h2><b>Galerie Merikon – Palais Esterházy – Wien</b></h2>
<p><a href="http://www.merikon.at/">www.galeriemerikon.at</a></p>
<hr />
<h2>April 2014</h2>
<h2><b>&#8222;Who&#8217;s Who in Visual Art&#8220;</b></h2>
<p><img loading="lazy" decoding="async" src="http://www.monika-bidner.at/art/wp-content/uploads/WhosWoho.jpg" alt="Who'sWoho" width="620" height="317" /></p>
<p><a href="http://www.whoisverlag.de/fineartist-recent.htm" target="_blank"><b>www.whoisverlag.de</b></a></p>
<hr />
<h2>14. bis 16. März 2014</h2>
<h2><b>Weinmesse Innsbruck |  Messeforum Stand 902</b></h2>
<h2></h2>
<p><b></b><strong><img loading="lazy" decoding="async" src="http://www.monika-bidner.at/art/wp-content/uploads/000031.jpg" alt="00003(1)" width="620" height="349" /></strong></p>
<p><strong><a href="http://www.artroom21.at" target="_blank">www.artroom21.at</a></strong></p>
<hr />
<h2></h2>

<p>Ausstellungen 2014 4.10.2014 Lange Nacht der Museen Galerie Bertrand Kass &#8211; 18 bis 1 Uhr 3. bis 16.10.2014 Gruppe 30, Galerie Bertrand Kass www.galeriekass.at 3.10.2014 Buchpräsentation: kunstSTücke &#8211; Süd Seiten Verlag Herbstmesse Innsbruck um 16 Uhr &#8211; Halle A Stand 34/35 1. bis 5.10.2014 ARTINNOVATION &#8211; Herbstmesse Innsbruck www.artinnovation.at 2. bis 29. September 2014 Galleria Spazio [&hellip;]</p>
